 i + 19 is divided by f?
6
Let v(t) = t**3 + 3*t**2 - t - 3. Let n(o) = 5*o**3 + 16*o**2 - 4*o - 16. Let m(u) = -2*n(u) + 11*v(u). What is the remainder when m(3) is divided by 9?
8
Suppose -2*a = a. Let j be 0/((2 - a)/2). Suppose j*v = -v + 9. Calculate the remainder when 16 is divided by v.
7
Let v(z) = -z + 5. Let q be v(10). Let f(n) = n**3 + 4*n**2 - 5*n + 4. What is the remainder when f(q) is divided by 2?
0
Let u be 2/(-8) + 324/16. Suppose -1 = -n + 4. Suppose -u + 90 = n*p. Calculate the remainder when p is divided by 5.
4
Suppose 4*z - 23 = -7. Let t(f) = 3*f + 21. Let k(d) = d + 7. Let j(x) = 8*k(x) - 3*t(x). What is the remainder when z is divided by j(-9)?
0
What is the remainder when (-4 + 33 - 4)*1 is divided by 7?
4
Let s(d) = -d**3 + 6*d**2 + d - 2. Let c be 10 - 13 - (-6 + 0). Suppose v = -c*t - 2*v + 15, -v = -3. Calculate the remainder when s(6) is divided by t.
0
Suppose 9*f - 7*f - 4 = 0. Suppose -31 = 2*o - 95. Suppose -3*v + o = f*t - 7, -v = -5*t + 89. What is the remainder when t is divided by 10?
8
Let p(n) = n - 7. Let d be p(9). Suppose 0*z = d*z - 46. Let i(t) = t**3 - 6*t**2 + 8. Calculate the remainder when z is divided by i(6).
7
Let y(w) be the third derivative of w**6/120 + w**5/5 - w**4/24 + 7*w**3/6 - 5*w**2. What is the remainder when 73 is divided by y(-12)?
16
Let h(o) = -o**3 + 8*o**2 - 4*o - 35. Suppose 5*f - 13 - 17 = -2*c, 0 = 2*f - 2*c - 12. Calculate the remainder when h(6) is divided by f.
1
Let d be (5/2)/(2/(-4)). Let l be (-1)/(1 + 0)*d. Suppose 3*o + l = 41. What is the remainder when 23 is divided by o?
11
Suppose -3 = -w - 3*r - 16, -w = 2*r + 8. Let n = w - 0. Suppose 3*p = 7*p - 8. What is the remainder when p is divided by n?
0
Let x = 32 + -19. Let s be (1 - -4)/(-1 - -2). Suppose 4*q - 57 = -2*w + 89, 2*w = s*q - 196. What is the remainder when q is divided by x?
12
Let v be 18/4 - (-6)/12. Suppose v*p = 3*m - 2, -3*m = 2*p + 14 - 51. Calculate the remainder when 27 is divided by 3/m + 88/6.
12
Let c(x) = 2*x**2 - 1. Let o = -89 - -102. What is the remainder when o is divided by c(2)?
6
Let t = -2 - -20. What is the remainder when t is divided by 4?
2
Let i(q) be the third derivative of q**4/6 - q**3/6 + q**2. What is the remainder when 7 is divided by i(1)?
1
Let b(z) = -1 + 15*z + 6 - 3 - 13*z. What is the remainder when 10 is divided by b(2)?
4
Suppose 5*n = 42 + 63. Calculate the remainder when 39 is divided by n.
18
Let u = 64 + -29. Let w = u - 10. Calculate the remainder when w is divided by 13.
12
Suppose -8 + 0 = -j. Suppose 83 = i + 2*q, -69 - 290 = -5*i + 4*q. Suppose -4*z + i = z. Calculate the remainder when z is divided by j.
7
Let a = -16 - 3. Calculate the remainder when a/(-4) - 6/(-24) is divided by 2.
1
Let h(f) = -2*f**2 - 26*f - 17. Calculate the remainder when 11 is divided by h(-12).
4
Let t = 27 - 16. What is the remainder when 30 is divided by t?
8
Suppose 0 = 5*c - 33 - 2. Let v(m) = 12*m**2 - 1. Let w(l) = l**3 + 3*l**2 + 4*l + 3. Let q be w(-2). What is the remainder when v(q) is divided by c?
4
Let o(s) = s**2 - 3*s - 7. Suppose 2*i + 10 = 0, 3*c + 4*i = -0 - 5. Let y = -3 + c. What is the remainder when o(5) is divided by y?
1
Let s = -4 - -7. Suppose -s*l + 28 = -l. What is the remainder when 40 is divided by l?
12
Suppose f - 3*o = -2, o - 2*o = f - 14. Let i = 144 + -78. Let y = i + -38. Calculate the remainder when y is divided by f.
8
Let v(f) = f**3 - f**2 - f - 56. Let l be v(0). Let p = 78 + l. What is the remainder when p is divided by (-10)/(-3)*(-24)/(-10)?
6
What is the remainder when ((-16)/12)/((-2)/36) is divided by 9?
6
Suppose 0 = 2*u - 2 - 32. What is the remainder when 64 is divided by u?
13
Let b = 36 - -13. Let l = 47 + -34. What is the remainder when b is divided by l?
10
Let a = -43 - -154. Suppose 3*j - a = -15. What is the remainder when j is divided by 11?
10
What is the remainder when 39 is divided by 3/((-108)/(-280)) - (-2)/9?
7
Suppose -5*u = -5*t - 4 + 44, 2*t - 19 = 3*u. What is the remainder when 14 is divided by t?
4
Let s(p) = 6*p - 7. Calculate the remainder when s(10) is divided by 11.
9
Let t = 146 - 90. Suppose -q - 3*q = -t. Suppose -s + 164 = 3*s. Calculate the remainder when s is divided by q.
13
Let m = 36 + -19. What is the remainder when 67 is divided by m?
16
Let s be 2/4 - 3/(-2). Let m(d) = 0*d**3 - s - 3*d**2 - d**3 - 2 + 6*d. What is the remainder when m(-5) is divided by 6?
4
Let v(s) = -2*s - 13. Let p = -5 - -3. What is the remainder when p - 3/(3/(-10)) is divided by v(-9)?
3
Suppose -20 = -5*n, -n + 5 = -z + n. Calculate the remainder when 4/(-22) - (-90)/11 is divided by z.
2
Let f(a) = a**3 - 4*a**2 + 5*a - 4. Suppose 2*h = 4*h - 6. Let d be f(h). Suppose -d*b - 13 + 33 = 0. Calculate the remainder when 18 is divided by b.
8
Let s(z) = z**2 - 4*z - 3. Let w = 4 - -1. Let l be s(w). Suppose 1 = -k + 4*d + 17, -2 = -l*k - 2*d. Calculate the remainder when 10 is divided by k.
2
Suppose -k + 38 = k. Calculate the remainder when 564/10 - 2/5 is divided by k.
18
Suppose 0 = x - 8 + 2. Calculate the remainder when x is divided by 3*(-5)/(-5)*(-3)/(-3).
0
Let y be (-31)/(-2) + 2/4. Let n = y + 10. Calculate the remainder when 75 is divided by n.
23
Suppose 27 = 4*r - 5. What is the remainder when 14 is divided by r?
6
Suppose -34*z + 32*z + 12 = 0. What is the remainder when 22 is divided by z?
4
Let z(p) = 5*p**2 + p - 1. Let k be z(1). Suppose -3*n + 46 = v, k*v - 1 = n + 5. What is the remainder when 27 is divided by n?
13
Let k(f) = -3*f - 4. Let z be k(-4). Suppose -2*p = -28 + z. Calculate the remainder when 19 is divided by p.
9
Suppose q + 16 = -5*s, 2*q - 4*s - 1 = 9. Let n = -24 - -26. Let y = q + n. Calculate the remainder when 1 is divided by y.
0
Calculate the remainder when (-15 - (-4)/4)/(-1) is divided by (1/(-1))/((-2)/10).
4
Let d(b) = -b + 28. What is the remainder when d(11) is divided by 3?
2
Let g(h) = -h**3 - 2*h**2 + 5*h - 3. What is the remainder when g(-4) is divided by ((-6)/4)/(1/(-2))?
0
Suppose 4*y = 5*g - 0*g + 81, 23 = 2*y + g. What is the remainder when 41 is divided by y?
13
Suppose -5*g - 9 + 73 = 2*k, 20 = g + 4*k. What is the remainder when 15 is divided by g?
3
Suppose d = -5, -b - 3*d = 9 - 2. What is the remainder when 19 is divided by b?
3
Suppose 0 = 2*u - 129 + 41. Calculate the remainder when u is divided by 24.
20
Suppose -h + 14 = h. Let z = 3 + 0. Calculate the remainder when h is divided by z.
1
Let f(h) = -h**2 - 8*h + 5. What is the remainder when f(-6) is divided by (2 + 3)*(1 - 0)?
2
What is the remainder when (-61)/(1 - 0 - 2) is divided by 21?
19
Suppose -t + 3 = 9. What is the remainder when 8 is divided by (-2 + 7)/(t + 7)?
3
What is the remainder when 57 is divided by (180/8)/3*2?
12
Calculate the remainder when 33 is divided by ((-3)/(-3))/3 - (-35)/3.
9
Suppose -7*z = -z - 492. What is the remainder when z is divided by 22?
16
Let s = -19 + 35. Suppose -h - 2*h - 162 = -5*k, 5*k + 3*h = 138. What is the remainder when k is divided by s?
14
Suppose -70 = -5*f - 5*v, -v = -5*f + 3*v + 34. Calculate the remainder when 27 is divided by f.
7
Let w(i) = 2*i**3 - 3*i**2 + 6*i + 1. Let c be w(4). Suppose 0 = -x - 4*x + c. Calculate the remainder when 40 is divided by x.
19
Let a = -8 - -12. Let h = 2 + a. Suppose f - 47 = -3*v + 5*f, v - 16 = f. Calculate the remainder when v is divided by h.
5
Suppose 0 = 3*f - 12. Suppose -5 = f*s - 25. What is the remainder when 22 is divided by s?
2
Let n(s) = -s - 2. Let d be n(4). Suppose -21 - 11 = -4*p. Calculate the remainder when d/3*(-30)/4 is divided by p.
7
Suppose -2*f - 3*f + 4*g = -85, -5*f = 5*g - 40. What is the remainder when 49 is divided by f?
10
Suppose -k + 16 = -2*d + 107, -5*k = 5*d - 220. What is the remainder when d is divided by 12?
9
Suppose -f + 0*q - 11 = -3*q, 3 = -5*f + 2*q. Calculate the remainder when 38 is divided by (11 - 9)/(f/5).
8
Suppose 34 = 4*d - 2*u, 2*d + 0*u - 27 = -u. Suppose 7 = -3*g + 94. What is the remainder when g is divided by d?
7
Suppose 7*x = -12*x + 1596. Calculate the remainder when x is divided by 29.
26
Let q = -16 - -29. Let n = 84 + -46. What is the remainder when n is divided by q?
12
Let p be 2/2 + 1 - -128. Suppose -5*k + 77 - 13 = 2*a, -3*a + k = -p. Supp